{"batchcomplete":"","query":{"recentchanges":[{"type":"edit","ns":2,"title":"Utilisateur:Safeguard/common.css","pageid":732,"revid":114642,"old_revid":2796,"rcid":366331,"timestamp":"2024-09-11T09:38:32Z"},{"type":"edit","ns":2,"title":"Utilisateur:Safeguard/common.js","pageid":731,"revid":114641,"old_revid":2802,"rcid":366330,"timestamp":"2024-09-11T09:36:54Z"},{"type":"edit","ns":0,"title":"Benjamin Constant:Commentaire sur l'ouvrage de Filangieri - Premi\u00e8re partie","pageid":269,"revid":114640,"old_revid":938,"rcid":366329,"timestamp":"2024-01-18T08:30:03Z"},{"type":"edit","ns":0,"title":"La Ferme des animaux","pageid":139,"revid":114639,"old_revid":282,"rcid":366328,"timestamp":"2023-12-18T18:31:04Z"},{"type":"edit","ns":0,"title":"Ludwig von Mises:Le Gouvernement omnipotent - chapitre 1","pageid":205,"revid":114638,"old_revid":1265,"rcid":366327,"timestamp":"2023-12-05T10:33:17Z"},{"type":"edit","ns":0,"title":"Collectif:Aux sources du mod\u00e8le lib\u00e9ral fran\u00e7ais - La pens\u00e9e lib\u00e9rale et les questions sociales","pageid":742,"revid":114637,"old_revid":2892,"rcid":366326,"timestamp":"2023-11-21T17:28:21Z"},{"type":"edit","ns":0,"title":"Georges Palante:Pessimisme et Individualisme - 5","pageid":517,"revid":114636,"old_revid":1674,"rcid":366325,"timestamp":"2023-10-20T14:08:15Z"}]}}

Benjamin Constant:Commentaire sur l'ouvrage de Filangieri - Première partie

Collectif:Aux sources du modèle libéral français - La pensée libérale et les questions sociales
